{"id":349,"date":"2011-07-09T10:40:17","date_gmt":"2011-07-09T09:40:17","guid":{"rendered":"http:\/\/rotaryclubagueda.org\/rty\/?page_id=349"},"modified":"2011-11-06T19:35:49","modified_gmt":"2011-11-06T19:35:49","slug":"rty-club-agueda-na-imprensa","status":"publish","type":"page","link":"https:\/\/rotaryclubagueda.org\/rty\/rty-club-agueda-na-imprensa\/","title":{"rendered":"RTY Club \u00c1gueda na Imprensa"},"content":{"rendered":"<p><a href=\"http:\/\/www.dropbox.com\/gallery\/20855447\/2\/RTY%20%C3%81gueda%20na%20Imprensa\/Transmiss%C3%A3o%20de%20Tarefas%202011_2012?h=d341e1\" target=\"_blank\" rel=\"noopener\">Transmiss\u00e3o de Tarefas 2011-2012<\/a><\/p>\n<p><a href=\"https:\/\/www.dropbox.com\/gallery\/20855447\/2\/RTY%20%C3%81gueda%20na%20Imprensa\/%2B%20Solidariedade_25anos%20RTY%20%C3%81gueda?h=3ff881\" target=\"_blank\" rel=\"noopener\">Apoio social &#8220;+ Solidariedade&#8221; e a Presid\u00eancia do RTY \u00c1gueda nos 25 anos<\/a><\/p>\n<p><a href=\"https:\/\/www.dropbox.com\/gallery\/20855447\/2\/RTY%20%C3%81gueda%20na%20Imprensa\/Novas%20Gera%C3%A7%C3%B5es%20na%20Festa%20do%20Leit%C3%A3o?h=af72d0\" target=\"_blank\" rel=\"noopener\">Novas Gera\u00e7\u00f5es na IX Festa Rot\u00e1ria do Leit\u00e3o \u00e0 Bairrada<\/a><\/p>\n<p><a href=\"https:\/\/www.dropbox.com\/gallery\/20855447\/2\/RTY%20%C3%81gueda%20na%20Imprensa\/Protocolos%20_%2B%20Solidariedade?h=fcde79\" target=\"_blank\" rel=\"noopener\">Assinatura dos protocolos ao abrigo do apoio solid\u00e1rio &#8220;+ Solidariedade&#8221;<\/a><\/p>\n<p><a href=\"https:\/\/www.dropbox.com\/gallery\/20855447\/2\/RTY%20%C3%81gueda%20na%20Imprensa\/Feira%20da%20Sa%C3%BAde_Rotaract?h=049775\" target=\"_blank\" rel=\"noopener\">Feira da Sa\u00fade promovida pelo Rotaract<\/a><\/p>\n<p><a href=\"https:\/\/www.dropbox.com\/gallery\/20855447\/2\/RTY%20%C3%81gueda%20na%20Imprensa\/Homenagem%20Profisssional_2011_2012?h=87aef8\" target=\"_blank\" rel=\"noopener\">Homenagem Profissional a Manuel Rodrigues_2011<\/a><\/p>\n","protected":false},"excerpt":{"rendered":"<p>Transmiss\u00e3o de Tarefas 2011-2012 Apoio social &#8220;+ Solidariedade&#8221; e a Presid\u00eancia do RTY \u00c1gueda nos 25 anos Novas Gera\u00e7\u00f5es na IX Festa Rot\u00e1ria do Leit\u00e3o \u00e0 Bairrada Assinatura dos protocolos ao abrigo do apoio solid\u00e1rio &#8220;+ Solidariedade&#8221; Feira da Sa\u00fade promovida pelo Rotaract Homenagem Profissional a Manuel Rodrigues_2011<\/p>\n","protected":false},"author":1,"featured_media":0,"parent":0,"menu_order":0,"comment_status":"open","ping_status":"open","template":"","meta":{"footnotes":""},"class_list":["post-349","page","type-page","status-publish","hentry"],"_links":{"self":[{"href":"https:\/\/rotaryclubagueda.org\/rty\/wp-json\/wp\/v2\/pages\/349","targetHints":{"allow":["GET"]}}],"collection":[{"href":"https:\/\/rotaryclubagueda.org\/rty\/wp-json\/wp\/v2\/pages"}],"about":[{"href":"https:\/\/rotaryclubagueda.org\/rty\/wp-json\/wp\/v2\/types\/page"}],"author":[{"embeddable":true,"href":"https:\/\/rotaryclubagueda.org\/rty\/wp-json\/wp\/v2\/users\/1"}],"replies":[{"embeddable":true,"href":"https:\/\/rotaryclubagueda.org\/rty\/wp-json\/wp\/v2\/comments?post=349"}],"version-history":[{"count":10,"href":"https:\/\/rotaryclubagueda.org\/rty\/wp-json\/wp\/v2\/pages\/349\/revisions"}],"predecessor-version":[{"id":353,"href":"https:\/\/rotaryclubagueda.org\/rty\/wp-json\/wp\/v2\/pages\/349\/revisions\/353"}],"wp:attachment":[{"href":"https:\/\/rotaryclubagueda.org\/rty\/wp-json\/wp\/v2\/media?parent=349"}],"curies":[{"name":"wp","href":"https:\/\/api.w.org\/{rel}","templated":true}]}}

RTY Club Águeda na Imprensa

<p><a href="http://www.dropbox.com/gallery/20855447/2/RTY%20%C3%81gueda%20na%20Imprensa/Transmiss%C3%A3o%20de%20Tarefas%202011_2012?h=d341e1" target="_blank" rel="noopener">Transmissão de Tarefas 2011-2012</a></p>
<p><a href="https://www.dropbox.com/gallery/20855447/2/RTY%20%C3%81gueda%20na%20Imprensa/%2B%20Solidariedade_25anos%20RTY%20%C3%81gueda?h=3ff881" target="_blank" rel="noopener">Apoio social &#8220;+ Solidariedade&#8221; e a Presidência do RTY Águeda nos 25 anos</a></p>
<p><a href="https://www.dropbox.com/gallery/20855447/2/RTY%20%C3%81gueda%20na%20Imprensa/Novas%20Gera%C3%A7%C3%B5es%20na%20Festa%20do%20Leit%C3%A3o?h=af72d0" target="_blank" rel="noopener">Novas Gerações na IX Festa Rotária do Leitão à Bairrada</a></p>
<p><a href="https://www.dropbox.com/gallery/20855447/2/RTY%20%C3%81gueda%20na%20Imprensa/Protocolos%20_%2B%20Solidariedade?h=fcde79" target="_blank" rel="noopener">Assinatura dos protocolos ao abrigo do apoio solidário &#8220;+ Solidariedade&#8221;</a></p>
<p><a href="https://www.dropbox.com/gallery/20855447/2/RTY%20%C3%81gueda%20na%20Imprensa/Feira%20da%20Sa%C3%BAde_Rotaract?h=049775" target="_blank" rel="noopener">Feira da Saúde promovida pelo Rotaract</a></p>
<p><a href="https://www.dropbox.com/gallery/20855447/2/RTY%20%C3%81gueda%20na%20Imprensa/Homenagem%20Profisssional_2011_2012?h=87aef8" target="_blank" rel="noopener">Homenagem Profissional a Manuel Rodrigues_2011</a></p>

<p>Transmissão de Tarefas 2011-2012 Apoio social &#8220;+ Solidariedade&#8221; e a Presidência do RTY Águeda nos 25 anos Novas Gerações na IX Festa Rotária do Leitão à Bairrada Assinatura dos protocolos ao abrigo do apoio solidário &#8220;+ Solidariedade&#8221; Feira da Saúde promovida pelo Rotaract Homenagem Profissional a Manuel Rodrigues_2011</p>
